{"id":26,"date":"2023-03-06T19:08:38","date_gmt":"2023-03-06T19:08:38","guid":{"rendered":"https:\/\/jamroz-kancelaria.pl\/?page_id=26"},"modified":"2023-11-19T10:28:13","modified_gmt":"2023-11-19T10:28:13","slug":"o-mnie","status":"publish","type":"page","link":"https:\/\/jamroz-kancelaria.pl\/?page_id=26","title":{"rendered":"O mnie"},"content":{"rendered":"\n<div class=\"wp-block-columns is-layout-flex wp-container-core-columns-layout-1 wp-block-columns-is-layout-flex\">\n<div class=\"wp-block-column is-layout-flow wp-block-column-is-layout-flow\" style=\"flex-basis:50%\">\n<p>Z zaanga\u017cowaniem i pasj\u0105 \u015bwiadcz\u0119 <a href=\"https:\/\/jamroz-kancelaria.pl\/?page_id=2\">pomoc prawn\u0105<\/a> w szczeg\u00f3lno\u015bci w zakresie prawa karnego, cywilnego i administracyjnego klientom indywidualnym, ma\u0142ym jak i \u015brednim przedsi\u0119biorcom.\u00a0\u00a0\u00a0<\/p>\n\n\n\n<p>W 2018 r. uko\u0144czy\u0142am studia prawnicze na Wydziale Prawa, Administracji i Ekonomii Uniwersytetu Wroc\u0142awskiego z wynikiem bardzo dobrym broni\u0105c prac\u0119 \u201eInstytucje zaniechania ukarania sprawcy w prawie karnym skarbowym\u201d\u00a0 Wcze\u015bniej w 2016 r. uko\u0144czy\u0142am na tym wydziale studia na kierunku: Administracja broni\u0105c prac\u0119 \u201eOdszkodowanie za wyw\u0142aszczon\u0105 nieruchomo\u015b\u0107 w \u015bwietle praktyki administracyjnej\u201d. W toku studi\u00f3w corocznie otrzymywa\u0142am stypendium Rektora Uniwersytetu Wroc\u0142awskiego, dla student\u00f3w uzyskuj\u0105cych najwy\u017csz\u0105 \u015bredni\u0105 ocen.\u00a0\u00a0<\/p>\n\n\n\n<p>Swoj\u0105 praktyk\u0119 zawodow\u0105 rozpocz\u0119\u0142am ju\u017c w trakcie studi\u00f3w magisterskich zdobywaj\u0105c do\u015bwiadczenie zawodowe w renomowanych wroc\u0142awskich kancelariach prawnych oraz jako asystent s\u0119dziego w S\u0105dzie Okr\u0119gowym we Wroc\u0142awiu.\u00a0<\/p>\n\n\n\n<p>W latach 2019-2021 odbywa\u0142am aplikacj\u0119 adwokacj\u0105 przy Okr\u0119gowej Radzie Adwokackiej we Wroc\u0142awiu, a nast\u0119pnie w 2022 r. z\u0142o\u017cy\u0142am z pozytywnym wynikiem egzamin zawodowy.\u00a0<\/p>\n\n\n\n<p>Jestem certyfikowanym mediatorem. Prowadz\u0119 mediacj\u0119 s\u0105dow\u0105 i pozas\u0105dow\u0105. Od 2020 r. jestem sta\u0142ym mediatorem s\u0105dowym wpisanym na list\u0119 Prezesa S\u0105du Okr\u0119gowego we Wroc\u0142awiu.\u00a0<\/p>\n\n\n\n<p><\/p>\n\n\n\n<p>Jestem cz\u0142onkiem Izby Adwokackiej we Wroc\u0142awiu. Aktualnie wsp\u00f3\u0142pracuj\u0119 z najwi\u0119ksz\u0105 w kraju kancelari\u0105 dochodz\u0105c\u0105 roszcze\u0144 z tytu\u0142u kredyt\u00f3w hipotecznych powi\u0105zanych z walutami obcymi.<\/p>\n<\/div>\n\n\n\n<div class=\"wp-block-column is-layout-flow wp-block-column-is-layout-flow\" style=\"flex-basis:50%\">\n<figure class=\"wp-block-image size-large is-resized\"><img loading=\"lazy\" decoding=\"async\" width=\"683\" height=\"1024\" src=\"http:\/\/jamroz-kancelaria.pl\/wp-content\/uploads\/2023\/08\/DSC05956-683x1024.jpg\" alt=\"Anita Jamr\u00f3z\" class=\"wp-image-111\" style=\"aspect-ratio:9\/16;object-fit:cover;width:416px;height:undefinedpx\" srcset=\"https:\/\/jamroz-kancelaria.pl\/wp-content\/uploads\/2023\/08\/DSC05956-683x1024.jpg 683w, https:\/\/jamroz-kancelaria.pl\/wp-content\/uploads\/2023\/08\/DSC05956-200x300.jpg 200w, https:\/\/jamroz-kancelaria.pl\/wp-content\/uploads\/2023\/08\/DSC05956-768x1152.jpg 768w, https:\/\/jamroz-kancelaria.pl\/wp-content\/uploads\/2023\/08\/DSC05956-1024x1536.jpg 1024w, https:\/\/jamroz-kancelaria.pl\/wp-content\/uploads\/2023\/08\/DSC05956-1365x2048.jpg 1365w, https:\/\/jamroz-kancelaria.pl\/wp-content\/uploads\/2023\/08\/DSC05956-scaled.jpg 1707w\" sizes=\"(max-width: 683px) 100vw, 683px\" \/><\/figure>\n<\/div>\n<\/div>\n\n\n\n<p><\/p>\n","protected":false},"excerpt":{"rendered":"<p>Z zaanga\u017cowaniem i pasj\u0105 \u015bwiadcz\u0119 pomoc prawn\u0105 w szczeg\u00f3lno\u015bci w zakresie prawa karnego, cywilnego i administracyjnego klientom indywidualnym, ma\u0142ym jak i \u015brednim przedsi\u0119biorcom.\u00a0\u00a0\u00a0 W 2018 r. uko\u0144czy\u0142am studia prawnicze na Wydziale Prawa, Administracji i Ekonomii Uniwersytetu Wroc\u0142awskiego z wynikiem bardzo dobrym broni\u0105c prac\u0119 \u201eInstytucje zaniechania&nbsp;<a class=\"read-more\" href=\"https:\/\/jamroz-kancelaria.pl\/?page_id=26\">&hellip;<\/a><\/p>\n","protected":false},"author":2,"featured_media":0,"parent":0,"menu_order":0,"comment_status":"closed","ping_status":"closed","template":"","meta":{"_themeisle_gutenberg_block_has_review":false,"footnotes":""},"yoast_head":"<!-- This site is optimized with the Yoast SEO plugin v23.5 - https:\/\/yoast.com\/wordpress\/plugins\/seo\/ -->\n<title>O mnie - Kancelaria Adwokacka Anita Jamr\u00f3z<\/title>\n<meta name=\"description\" content=\"Z zaanga\u017cowaniem i pasj\u0105 \u015bwiadcz\u0119 pomoc prawn\u0105 w zakresie prawa karnego, cywilnego i administracyjnego klientom indywidualnym, jak i przedsi\u0119biorcom.\u00a0\u00a0\u00a0\" \/>\n<meta name=\"robots\" content=\"index, follow, max-snippet:-1, max-image-preview:large, max-video-preview:-1\" \/>\n<link rel=\"canonical\" href=\"https:\/\/jamroz-kancelaria.pl\/?page_id=26\" \/>\n<meta property=\"og:locale\" content=\"pl_PL\" \/>\n<meta property=\"og:type\" content=\"article\" \/>\n<meta property=\"og:title\" content=\"O mnie - Kancelaria Adwokacka Anita Jamr\u00f3z\" \/>\n<meta property=\"og:description\" content=\"Z zaanga\u017cowaniem i pasj\u0105 \u015bwiadcz\u0119 pomoc prawn\u0105 w zakresie prawa karnego, cywilnego i administracyjnego klientom indywidualnym, jak i przedsi\u0119biorcom.\u00a0\u00a0\u00a0\" \/>\n<meta property=\"og:url\" content=\"https:\/\/jamroz-kancelaria.pl\/?page_id=26\" \/>\n<meta property=\"og:site_name\" content=\"Kancelaria Adwokacka Anita Jamr\u00f3z\" \/>\n<meta property=\"article:modified_time\" content=\"2023-11-19T10:28:13+00:00\" \/>\n<meta property=\"og:image\" content=\"http:\/\/jamroz-kancelaria.pl\/wp-content\/uploads\/2023\/08\/DSC05956-683x1024.jpg\" \/>\n<meta name=\"twitter:card\" content=\"summary_large_image\" \/>\n<meta name=\"twitter:label1\" content=\"Szacowany czas czytania\" \/>\n\t<meta name=\"twitter:data1\" content=\"2 minuty\" \/>\n<script type=\"application\/ld+json\" class=\"yoast-schema-graph\">{\"@context\":\"https:\/\/schema.org\",\"@graph\":[{\"@type\":\"WebPage\",\"@id\":\"https:\/\/jamroz-kancelaria.pl\/?page_id=26\",\"url\":\"https:\/\/jamroz-kancelaria.pl\/?page_id=26\",\"name\":\"O mnie - Kancelaria Adwokacka Anita Jamr\u00f3z\",\"isPartOf\":{\"@id\":\"https:\/\/jamroz-kancelaria.pl\/#website\"},\"primaryImageOfPage\":{\"@id\":\"https:\/\/jamroz-kancelaria.pl\/?page_id=26#primaryimage\"},\"image\":{\"@id\":\"https:\/\/jamroz-kancelaria.pl\/?page_id=26#primaryimage\"},\"thumbnailUrl\":\"http:\/\/jamroz-kancelaria.pl\/wp-content\/uploads\/2023\/08\/DSC05956-683x1024.jpg\",\"datePublished\":\"2023-03-06T19:08:38+00:00\",\"dateModified\":\"2023-11-19T10:28:13+00:00\",\"description\":\"Z zaanga\u017cowaniem i pasj\u0105 \u015bwiadcz\u0119 pomoc prawn\u0105 w zakresie prawa karnego, cywilnego i administracyjnego klientom indywidualnym, jak i przedsi\u0119biorcom.\u00a0\u00a0\u00a0\",\"breadcrumb\":{\"@id\":\"https:\/\/jamroz-kancelaria.pl\/?page_id=26#breadcrumb\"},\"inLanguage\":\"pl-PL\",\"potentialAction\":[{\"@type\":\"ReadAction\",\"target\":[\"https:\/\/jamroz-kancelaria.pl\/?page_id=26\"]}]},{\"@type\":\"ImageObject\",\"inLanguage\":\"pl-PL\",\"@id\":\"https:\/\/jamroz-kancelaria.pl\/?page_id=26#primaryimage\",\"url\":\"https:\/\/jamroz-kancelaria.pl\/wp-content\/uploads\/2023\/08\/DSC05956-scaled.jpg\",\"contentUrl\":\"https:\/\/jamroz-kancelaria.pl\/wp-content\/uploads\/2023\/08\/DSC05956-scaled.jpg\",\"width\":1707,\"height\":2560},{\"@type\":\"BreadcrumbList\",\"@id\":\"https:\/\/jamroz-kancelaria.pl\/?page_id=26#breadcrumb\",\"itemListElement\":[{\"@type\":\"ListItem\",\"position\":1,\"name\":\"Strona g\u0142\u00f3wna\",\"item\":\"https:\/\/jamroz-kancelaria.pl\/\"},{\"@type\":\"ListItem\",\"position\":2,\"name\":\"O mnie\"}]},{\"@type\":\"WebSite\",\"@id\":\"https:\/\/jamroz-kancelaria.pl\/#website\",\"url\":\"https:\/\/jamroz-kancelaria.pl\/\",\"name\":\"Kancelaria Adwokacka Anita Jamr\u00f3z\",\"description\":\"Kancelaria Adwokacka Anita Jamr\u00f3z\",\"publisher\":{\"@id\":\"https:\/\/jamroz-kancelaria.pl\/#organization\"},\"potentialAction\":[{\"@type\":\"SearchAction\",\"target\":{\"@type\":\"EntryPoint\",\"urlTemplate\":\"https:\/\/jamroz-kancelaria.pl\/?s={search_term_string}\"},\"query-input\":{\"@type\":\"PropertyValueSpecification\",\"valueRequired\":true,\"valueName\":\"search_term_string\"}}],\"inLanguage\":\"pl-PL\"},{\"@type\":\"Organization\",\"@id\":\"https:\/\/jamroz-kancelaria.pl\/#organization\",\"name\":\"Kancelaria Adwokacka Anita Jamr\u00f3z\",\"url\":\"https:\/\/jamroz-kancelaria.pl\/\",\"logo\":{\"@type\":\"ImageObject\",\"inLanguage\":\"pl-PL\",\"@id\":\"https:\/\/jamroz-kancelaria.pl\/#\/schema\/logo\/image\/\",\"url\":\"https:\/\/jamroz-kancelaria.pl\/wp-content\/uploads\/2025\/01\/cropped-aj-logo-gold_small-removebg-preview.png\",\"contentUrl\":\"https:\/\/jamroz-kancelaria.pl\/wp-content\/uploads\/2025\/01\/cropped-aj-logo-gold_small-removebg-preview.png\",\"width\":102,\"height\":132,\"caption\":\"Kancelaria Adwokacka Anita Jamr\u00f3z\"},\"image\":{\"@id\":\"https:\/\/jamroz-kancelaria.pl\/#\/schema\/logo\/image\/\"}}]}<\/script>\n<!-- \/ Yoast SEO plugin. -->","yoast_head_json":{"title":"O mnie - Kancelaria Adwokacka Anita Jamr\u00f3z","description":"Z zaanga\u017cowaniem i pasj\u0105 \u015bwiadcz\u0119 pomoc prawn\u0105 w zakresie prawa karnego, cywilnego i administracyjnego klientom indywidualnym, jak i przedsi\u0119biorcom.\u00a0\u00a0\u00a0","robots":{"index":"index","follow":"follow","max-snippet":"max-snippet:-1","max-image-preview":"max-image-preview:large","max-video-preview":"max-video-preview:-1"},"canonical":"https:\/\/jamroz-kancelaria.pl\/?page_id=26","og_locale":"pl_PL","og_type":"article","og_title":"O mnie - Kancelaria Adwokacka Anita Jamr\u00f3z","og_description":"Z zaanga\u017cowaniem i pasj\u0105 \u015bwiadcz\u0119 pomoc prawn\u0105 w zakresie prawa karnego, cywilnego i administracyjnego klientom indywidualnym, jak i przedsi\u0119biorcom.\u00a0\u00a0\u00a0","og_url":"https:\/\/jamroz-kancelaria.pl\/?page_id=26","og_site_name":"Kancelaria Adwokacka Anita Jamr\u00f3z","article_modified_time":"2023-11-19T10:28:13+00:00","og_image":[{"url":"http:\/\/jamroz-kancelaria.pl\/wp-content\/uploads\/2023\/08\/DSC05956-683x1024.jpg"}],"twitter_card":"summary_large_image","twitter_misc":{"Szacowany czas czytania":"2 minuty"},"schema":{"@context":"https:\/\/schema.org","@graph":[{"@type":"WebPage","@id":"https:\/\/jamroz-kancelaria.pl\/?page_id=26","url":"https:\/\/jamroz-kancelaria.pl\/?page_id=26","name":"O mnie - Kancelaria Adwokacka Anita Jamr\u00f3z","isPartOf":{"@id":"https:\/\/jamroz-kancelaria.pl\/#website"},"primaryImageOfPage":{"@id":"https:\/\/jamroz-kancelaria.pl\/?page_id=26#primaryimage"},"image":{"@id":"https:\/\/jamroz-kancelaria.pl\/?page_id=26#primaryimage"},"thumbnailUrl":"http:\/\/jamroz-kancelaria.pl\/wp-content\/uploads\/2023\/08\/DSC05956-683x1024.jpg","datePublished":"2023-03-06T19:08:38+00:00","dateModified":"2023-11-19T10:28:13+00:00","description":"Z zaanga\u017cowaniem i pasj\u0105 \u015bwiadcz\u0119 pomoc prawn\u0105 w zakresie prawa karnego, cywilnego i administracyjnego klientom indywidualnym, jak i przedsi\u0119biorcom.\u00a0\u00a0\u00a0","breadcrumb":{"@id":"https:\/\/jamroz-kancelaria.pl\/?page_id=26#breadcrumb"},"inLanguage":"pl-PL","potentialAction":[{"@type":"ReadAction","target":["https:\/\/jamroz-kancelaria.pl\/?page_id=26"]}]},{"@type":"ImageObject","inLanguage":"pl-PL","@id":"https:\/\/jamroz-kancelaria.pl\/?page_id=26#primaryimage","url":"https:\/\/jamroz-kancelaria.pl\/wp-content\/uploads\/2023\/08\/DSC05956-scaled.jpg","contentUrl":"https:\/\/jamroz-kancelaria.pl\/wp-content\/uploads\/2023\/08\/DSC05956-scaled.jpg","width":1707,"height":2560},{"@type":"BreadcrumbList","@id":"https:\/\/jamroz-kancelaria.pl\/?page_id=26#breadcrumb","itemListElement":[{"@type":"ListItem","position":1,"name":"Strona g\u0142\u00f3wna","item":"https:\/\/jamroz-kancelaria.pl\/"},{"@type":"ListItem","position":2,"name":"O mnie"}]},{"@type":"WebSite","@id":"https:\/\/jamroz-kancelaria.pl\/#website","url":"https:\/\/jamroz-kancelaria.pl\/","name":"Kancelaria Adwokacka Anita Jamr\u00f3z","description":"Kancelaria Adwokacka Anita Jamr\u00f3z","publisher":{"@id":"https:\/\/jamroz-kancelaria.pl\/#organization"},"potentialAction":[{"@type":"SearchAction","target":{"@type":"EntryPoint","urlTemplate":"https:\/\/jamroz-kancelaria.pl\/?s={search_term_string}"},"query-input":{"@type":"PropertyValueSpecification","valueRequired":true,"valueName":"search_term_string"}}],"inLanguage":"pl-PL"},{"@type":"Organization","@id":"https:\/\/jamroz-kancelaria.pl\/#organization","name":"Kancelaria Adwokacka Anita Jamr\u00f3z","url":"https:\/\/jamroz-kancelaria.pl\/","logo":{"@type":"ImageObject","inLanguage":"pl-PL","@id":"https:\/\/jamroz-kancelaria.pl\/#\/schema\/logo\/image\/","url":"https:\/\/jamroz-kancelaria.pl\/wp-content\/uploads\/2025\/01\/cropped-aj-logo-gold_small-removebg-preview.png","contentUrl":"https:\/\/jamroz-kancelaria.pl\/wp-content\/uploads\/2025\/01\/cropped-aj-logo-gold_small-removebg-preview.png","width":102,"height":132,"caption":"Kancelaria Adwokacka Anita Jamr\u00f3z"},"image":{"@id":"https:\/\/jamroz-kancelaria.pl\/#\/schema\/logo\/image\/"}}]}},"_links":{"self":[{"href":"https:\/\/jamroz-kancelaria.pl\/index.php?rest_route=\/wp\/v2\/pages\/26"}],"collection":[{"href":"https:\/\/jamroz-kancelaria.pl\/index.php?rest_route=\/wp\/v2\/pages"}],"about":[{"href":"https:\/\/jamroz-kancelaria.pl\/index.php?rest_route=\/wp\/v2\/types\/page"}],"author":[{"embeddable":true,"href":"https:\/\/jamroz-kancelaria.pl\/index.php?rest_route=\/wp\/v2\/users\/2"}],"replies":[{"embeddable":true,"href":"https:\/\/jamroz-kancelaria.pl\/index.php?rest_route=%2Fwp%2Fv2%2Fcomments&post=26"}],"version-history":[{"count":15,"href":"https:\/\/jamroz-kancelaria.pl\/index.php?rest_route=\/wp\/v2\/pages\/26\/revisions"}],"predecessor-version":[{"id":209,"href":"https:\/\/jamroz-kancelaria.pl\/index.php?rest_route=\/wp\/v2\/pages\/26\/revisions\/209"}],"wp:attachment":[{"href":"https:\/\/jamroz-kancelaria.pl\/index.php?rest_route=%2Fwp%2Fv2%2Fmedia&parent=26"}],"curies":[{"name":"wp","href":"https:\/\/api.w.org\/{rel}","templated":true}]}}